st the prime factors of 9208632.
2, 3, 383693
What are the prime factors of 273727?
273727
What are the prime factors of 4393006?
2, 661, 3323
List the prime factors of 18260528.
2, 11, 13, 23, 347
What are the prime factors of 783060?
2, 3, 5, 31, 421
What are the prime factors of 279034?
2, 7, 19, 1049
What are the prime factors of 1447935?
3, 5, 83, 1163
List the prime factors of 184538.
2, 92269
What are the prime factors of 73552?
2, 4597
What are the prime factors of 968378?
2, 31, 15619
List the prime factors of 26166.
2, 3, 7, 89
List the prime factors of 179064.
2, 3, 829
List the prime factors of 520285.
5, 17, 6121
List the prime factors of 2111708.
2, 101, 5227
List the prime factors of 105602.
2, 7, 19, 397
List the prime factors of 502705.
5, 7, 53, 271
List the prime factors of 79854.
2, 3, 13309
What are the prime factors of 133605?
3, 5, 2969
What are the prime factors of 476827?
13, 43, 853
List the prime factors of 558467.
7, 13, 17, 19
List the prime factors of 6060126.
2, 3, 17, 19, 53, 59
List the prime factors of 189473.
189473
List the prime factors of 6441339.
3, 113, 19001
What are the prime factors of 1034692?
2, 258673
List the prime factors of 315100.
2, 5, 23, 137
List the prime factors of 417853.
383, 1091
What are the prime factors of 12417060?
2, 3, 5, 206951
List the prime factors of 155456.
2, 7, 347
What are the prime factors of 1742998?
2, 457, 1907
List the prime factors of 29093709.
3, 239, 40577
What are the prime factors of 13900531?
127, 109453
What are the prime factors of 2429198?
2, 17, 37, 1931
What are the prime factors of 11611990?
2, 5, 13, 6871
What are the prime factors of 379665?
3, 5, 11, 13, 59
List the prime factors of 261209.
13, 71, 283
List the prime factors of 890469.
3, 163, 607
List the prime factors of 2444117.
13, 229, 821
List the prime factors of 4560983.
7, 89, 7321
What are the prime factors of 211213?
211213
What are the prime factors of 25967?
23, 1129
List the prime factors of 1093212.
2, 3, 30367
List the prime factors of 1868198.
2, 17, 23, 2389
List the prime factors of 1047300.
2, 3, 5, 3491
What are the prime factors of 548715?
3, 5, 157, 233
List the prime factors of 125062.
2, 7, 8933
List the prime factors of 126880.
2, 5, 13, 61
List the prime factors of 281745.
3, 5, 2087
What are the prime factors of 146449?
146449
What are the prime factors of 13316197?
43, 53, 5843
List the prime factors of 849036.
2, 3, 70753
What are the prime factors of 9160899?
3, 11, 277603
List the prime factors of 293810.
2, 5, 11, 2671
List the prime factors of 32199457.
283, 113779
List the prime factors of 280988.
2, 199, 353
List the prime factors of 670191.
3, 17, 773
What are the prime factors of 7063753?
31, 191, 1193
What are the prime factors of 103076?
2, 73, 353
List the prime factors of 120311.
31, 3881
What are the prime factors of 2820298?
2, 13, 67, 1619
What are the prime factors of 6483368?
2, 43, 47, 401
What are the prime factors of 1653510?
2, 3, 5, 55117
List the prime factors of 1032768.
2, 3, 11, 163
What are the prime factors of 381901?
13, 29, 1013
List the prime factors of 1078700.
2, 5, 7, 23, 67
What are the prime factors of 4909768?
2, 61, 10061
List the prime factors of 4508989.
23, 196043
What are the prime factors of 1632213?
3, 11, 16487
What are the prime factors of 236803?
7, 33829
List the prime factors of 6874640.
2, 5, 85933
What are the prime factors of 35334915?
3, 5, 7, 11, 30593
List the prime factors of 7355884.
2, 59, 71, 439
List the prime factors of 20697006.
2, 3, 11, 557, 563
List the prime factors of 10372851.
3, 379, 3041
What are the prime factors of 227947?
227947
What are the prime factors of 4435633?
1747, 2539
List the prime factors of 839038.
2, 103, 4073
List the prime factors of 9877078.
2, 4938539
What are the prime factors of 3979?
23, 173
List the prime factors of 929918.
2, 11, 43, 983
List the prime factors of 15167793.
3, 47, 97, 1109
What are the prime factors of 8246639?
8246639
What are the prime factors of 627509?
23, 27283
List the prime factors of 985799.
985799
What are the prime factors of 1122477?
3, 374159
What are the prime factors of 80399?
11, 7309
List the prime factors of 481883.
481883
List the prime factors of 9845930.
2, 5, 984593
What are the prime factors of 2616778?
2, 61, 89, 241
What are the prime factors of 47845?
5, 7, 1367
What are the prime factors of 125383?
125383
List the prime factors of 27918.
2, 3, 11, 47
List the prime factors of 344088.
2, 3, 59
What are the prime factors of 5978856?
2, 3, 13, 19163
List the prime factors of 527873.
23, 59, 389
List the prime factors of 1685087.
1685087
List the prime factors of 168318.
2, 3, 1039
List the prime factors of 158166.
2, 3, 29, 101
What are the prime factors of 1823296?
2, 31, 919
What are the prime factors of 197817?
3, 233, 283
What are the prime factors of 1007897?
11, 59, 1553
List the prime factors of 4680647.
59, 79333
List the prime factors of 536597.
43, 12479
What are the prime factors of 137355?
3, 5, 9157
What are the prime factors of 2232924?
2, 3, 73, 2549
List the prime factors of 1401324.
2, 3, 31, 3767
What are the prime factors of 346?
2, 173
What are the prime factors of 166922?
2, 7, 11923
What are the prime factors of 4022639?
769, 5231
What are the prime factors of 94804?
2, 137, 173
What are the prime factors of 421409?
421409
What are the prime factors of 357666?
2, 3, 59611
List the prime factors of 11274920.
2, 5, 251, 1123
List the prime factors of 861734.
2, 521, 827
What are the prime factors of 276053?
41, 6733
List the prime factors of 939507.
3, 43, 7283
What are the prime factors of 442793?
13, 34061
What are the prime factors of 3996?
2, 3, 37
List the prime factors of 1320147.
3, 146683
List the prime factors of 89300.
2, 5, 19, 47
List the prime factors of 528136.
2, 7, 9431
What are the prime factors of 203125?
5, 13
What are the prime factors of 10309482?
2, 3, 572749
What are the prime factors of 418995?
3, 5, 9311
List the prime factors of 332775.
3, 5, 17, 29
What are the prime factors of 10146796?
2, 11, 31, 43, 173
List the prime factors of 4274431.
7, 610633
What are the prime factors of 6897053?
17, 405709
List the prime factors of 992250.
2, 3, 5, 7
What are the prime factors of 13643866?
2, 6821933
What are the prime factors of 21748602?
2, 3, 67, 54101
List the prime factors of 7691.
7691
What are the prime factors of 2711638?
2, 1355819
What are the prime factors of 18557350?
2, 5, 7, 37, 1433
List the prime factors of 2273057.
503, 4519
What are the prime factors of 220533?
3, 19, 53, 73
List the prime factors of 1807846.
2, 23, 39301
What are the prime factors of 17679670?
2, 5, 127, 13921
List the prime factors of 354054.
2, 3, 59009
List the prime factors of 609727.
127, 4801
What are the prime factors of 129631?
129631
What are the prime factors of 251191?
251191
List the prime factors of 239032.
2, 29879
List the prime factors of 2749911.
3, 41, 79, 283
What are the prime factors of 2703974?
2, 7, 13, 83, 179
What are the prime factors of 15051927?
3, 11, 456119
List the prime factors of 4993.
4993
What are the prime factors of 756375?
3, 5, 2017
What are the prime factors of 1148039?
1148039
What are the prime factors of 648396?
2, 3, 7, 31, 83
List the prime factors of 10084076.
2, 2521019
What are the prime factors of 906123?
3, 367, 823
List the prime factors of 511689.
3, 19, 47, 191
What are the prime factors of 4035611?
29, 31, 67
List the prime factors of 529905.
3, 5, 35327
What are the prime factors of 6292661?
6292661
List the prime factors of 494117.
13, 191, 199
List the prime factors of 13097958.
2, 3, 2182993
List the prime factors of 38583640.
2, 5, 59, 16349
List the prime factors of 5130574.
2, 167, 15361
What are the prime factors of 26555557?
7, 61, 62191
List the prime factors of 1928905.
5, 11, 17, 2063
List the prime factors of 2861649.
3, 7, 103
What are the prime factors of 26025?
3, 5, 347
List the prime factors of 854670.
2, 3, 5, 31, 919
List the prime factors of 536597.
43, 12479
What are the prime factors of 43557228?
2, 3, 11, 13, 8461
List the prime factors of 1979672.
2, 131, 1889
List the prime factors of 1704335.
5, 17, 20051
What are the prime factors 